{"id":1484,"date":"2014-11-25T10:50:16","date_gmt":"2014-11-25T10:50:16","guid":{"rendered":"http:\/\/themes.themegoods.com\/vega\/demo\/?page_id=1484"},"modified":"2026-01-15T17:14:06","modified_gmt":"2026-01-15T16:14:06","slug":"homepage-1","status":"publish","type":"page","link":"https:\/\/roubinet.com\/","title":{"rendered":"Homepage 1"},"content":{"rendered":"<div class=\"one\" >\n<div class=\"slider_wrapper\" data-autoplay=\"1\" data-timer=\"3\">\n<div class=\"flexslider\" data-height=\"750\">\n<ul class=\"slides\">\n<li><img decoding=\"async\" src=\"https:\/\/roubinet.com\/wp-content\/uploads\/2014\/11\/slide1-1.jpg\" alt=\"\"\/><\/li>\n<li><img decoding=\"async\" src=\"https:\/\/roubinet.com\/wp-content\/uploads\/2014\/11\/slide2-1.jpg\" alt=\"\"\/><\/li>\n<li><img decoding=\"async\" src=\"https:\/\/roubinet.com\/wp-content\/uploads\/2014\/11\/slide3-1.jpg\" alt=\"\"\/><\/li>\n<li><img decoding=\"async\" src=\"https:\/\/roubinet.com\/wp-content\/uploads\/2014\/11\/slide4-1.jpg\" alt=\"\"\/><\/li>\n<li><img decoding=\"async\" src=\"https:\/\/roubinet.com\/wp-content\/uploads\/2014\/11\/slide5.jpg\" alt=\"\"\/><\/li>\n<li><img decoding=\"async\" src=\"https:\/\/roubinet.com\/wp-content\/uploads\/2014\/11\/slide6.jpg\" alt=\"\"\/><\/li>\n<li><img decoding=\"async\" src=\"https:\/\/roubinet.com\/wp-content\/uploads\/2014\/11\/slide7.jpg\" alt=\"\"\/><\/li>\n<li><img decoding=\"async\" src=\"https:\/\/roubinet.com\/wp-content\/uploads\/2014\/11\/slide8.jpg\" alt=\"\"\/><\/li>\n<li><img decoding=\"async\" src=\"https:\/\/roubinet.com\/wp-content\/uploads\/2014\/11\/slide9.jpg\" alt=\"\"\/><\/li>\n<li><img decoding=\"async\" src=\"https:\/\/roubinet.com\/wp-content\/uploads\/2014\/11\/slide11.jpg\" alt=\"\"\/><\/li>\n<\/ul>\n<\/div>\n<\/div>\n<\/div>\n<div class=\"one\" style=\"background:#fff;text-align:center;\" >\n<div class=\"page_content_wrapper\">\n<div class=\"inner\">\n<h2 class=\"ppb_title\">Figer l&#039;instant<\/h2>\n<div class=\"post_excerpt textcenter\">Capturer l&rsquo;intimit\u00e9 et la beaut\u00e9 des sc\u00e8nes sans les forcer, saisir des instants fugaces, tout en respectant le contexte et les personnes photographi\u00e9es&#8230; <B>pour un travail authentique&#8230;<\/b><\/div>\n<\/div>\n<\/div>\n<\/div>\n<div class=\"one ppb_galleries\" style=\"background:#f9f9f9;padding-top:10px;\" >\n<div class=\"page_content_wrapper\">\n<div class=\"inner\">\n<div class=\"blog_grid_wrapper\">\n<div class=\"wall_entry type-post post gallery masonry element\">\n<div class=\"image_grid_frame\">\n<div class=\"wall_thumbnail post_archive\">\n\t\t\t\t    \t<a href=\"https:\/\/roubinet.com\/index.php\/galleries\/rock-island\/\" class=\"gallery_wrapper\"><br \/>\n\t\t\t\t    \t\t<img decoding=\"async\" src=\"https:\/\/roubinet.com\/wp-content\/uploads\/2025\/02\/laura-485x485.jpg\" alt=\"\" class=\"portfolio_img static\"\/><\/p>\n<div class=\"mask transparent\">\n<div class=\"mask_frame\">\n<ul class=\"gallery_img_slides\">\n<li><img decoding=\"async\" src=\"https:\/\/roubinet.com\/wp-content\/uploads\/2025\/02\/laura-485x485.jpg\" alt=\"\" class=\"static\"\/><\/li>\n<li><img decoding=\"async\" src=\"https:\/\/roubinet.com\/wp-content\/uploads\/2014\/11\/cessenon-485x485.jpg\" alt=\"\" class=\"static\"\/><\/li>\n<li><img decoding=\"async\" src=\"https:\/\/roubinet.com\/wp-content\/uploads\/2014\/11\/slide6-485x485.jpg\" alt=\"\" class=\"static\"\/><\/li>\n<li><img decoding=\"async\" src=\"https:\/\/roubinet.com\/wp-content\/uploads\/2014\/11\/slide9-485x485.jpg\" alt=\"\" class=\"static\"\/><\/li>\n<li><img decoding=\"async\" src=\"https:\/\/roubinet.com\/wp-content\/uploads\/2014\/11\/\u00a9JBROUBINET-FAUGERES-TAILLE-37-485x485.jpg\" alt=\"\" class=\"static\"\/><\/li>\n<\/ul>\n<\/div><\/div>\n<p>\t\t\t\t\t\t<\/a><br \/>\n\t\t\t\t\t\t<br class=\"clear\"\/><\/p>\n<h6>Reportages Agricoles<\/h6>\n<div class=\"gallery_excerpt\">Tranche de vie<\/div>\n<\/p><\/div>\n<\/p><\/div>\n<\/div>\n<div class=\"wall_entry type-post post gallery masonry element\">\n<div class=\"image_grid_frame\">\n<div class=\"wall_thumbnail post_archive\">\n\t\t\t\t    \t<a href=\"https:\/\/roubinet.com\/index.php\/galleries\/traveller\/\" class=\"gallery_wrapper\"><br \/>\n\t\t\t\t    \t\t<img decoding=\"async\" src=\"https:\/\/roubinet.com\/wp-content\/uploads\/2014\/11\/B45P1537-485x485.jpg\" alt=\"\" class=\"portfolio_img static\"\/><\/p>\n<div class=\"mask transparent\">\n<div class=\"mask_frame\">\n<ul class=\"gallery_img_slides\">\n<li><img decoding=\"async\" src=\"https:\/\/roubinet.com\/wp-content\/uploads\/2014\/11\/Myriam_Aurelien-230-485x485.jpg\" alt=\"\" class=\"static\"\/><\/li>\n<li><img decoding=\"async\" src=\"https:\/\/roubinet.com\/wp-content\/uploads\/2014\/11\/161258727_10222997894727358_5935358919578131606_n-485x485.jpg\" alt=\"\" class=\"static\"\/><\/li>\n<li><img decoding=\"async\" src=\"https:\/\/roubinet.com\/wp-content\/uploads\/2014\/11\/326745504_2828998990565458_33905108863867069_n-485x485.jpg\" alt=\"\" class=\"static\"\/><\/li>\n<li><img decoding=\"async\" src=\"https:\/\/roubinet.com\/wp-content\/uploads\/2014\/11\/\u00a9JB_Roubinet_Aurelie_Nicolas00115-485x485.jpg\" alt=\"\" class=\"static\"\/><\/li>\n<li><img decoding=\"async\" src=\"https:\/\/roubinet.com\/wp-content\/uploads\/2014\/11\/mj1-485x485.jpg\" alt=\"\" class=\"static\"\/><\/li>\n<\/ul>\n<\/div><\/div>\n<p>\t\t\t\t\t\t<\/a><br \/>\n\t\t\t\t\t\t<br class=\"clear\"\/><\/p>\n<h6>Reportages de Mariage<\/h6>\n<div class=\"gallery_excerpt\">Authenticit\u00e9<\/div>\n<\/p><\/div>\n<\/p><\/div>\n<\/div>\n<div class=\"wall_entry type-post post gallery masonry element\">\n<div class=\"image_grid_frame\">\n<div class=\"wall_thumbnail post_archive\">\n\t\t\t\t    \t<a href=\"https:\/\/roubinet.com\/index.php\/galleries\/lovers\/\" class=\"gallery_wrapper\"><br \/>\n\t\t\t\t    \t\t<img decoding=\"async\" src=\"https:\/\/roubinet.com\/wp-content\/uploads\/2014\/11\/roubinet-famille-7-485x485.jpg\" alt=\"\" class=\"portfolio_img static\"\/><\/p>\n<div class=\"mask transparent\">\n<div class=\"mask_frame\">\n<ul class=\"gallery_img_slides\">\n<li><img decoding=\"async\" src=\"https:\/\/roubinet.com\/wp-content\/uploads\/2014\/11\/roubinet-famille-7-485x485.jpg\" alt=\"\" class=\"static\"\/><\/li>\n<li><img decoding=\"async\" src=\"https:\/\/roubinet.com\/wp-content\/uploads\/2014\/11\/roubinet-famille-4-485x485.jpg\" alt=\"\" class=\"static\"\/><\/li>\n<li><img decoding=\"async\" src=\"https:\/\/roubinet.com\/wp-content\/uploads\/2014\/11\/roubinet-famille-1-485x485.jpg\" alt=\"\" class=\"static\"\/><\/li>\n<li><img decoding=\"async\" src=\"https:\/\/roubinet.com\/wp-content\/uploads\/2014\/11\/roubinet-famille-13-485x485.jpg\" alt=\"\" class=\"static\"\/><\/li>\n<li><img decoding=\"async\" src=\"https:\/\/roubinet.com\/wp-content\/uploads\/2014\/11\/roubinet-famille-8-485x485.jpg\" alt=\"\" class=\"static\"\/><\/li>\n<\/ul>\n<\/div><\/div>\n<p>\t\t\t\t\t\t<\/a><br \/>\n\t\t\t\t\t\t<br class=\"clear\"\/><\/p>\n<h6>Photos de famille<\/h6>\n<div class=\"gallery_excerpt\">Naturel et instantann\u00e9<\/div>\n<\/p><\/div>\n<\/p><\/div>\n<\/div>\n<div class=\"wall_entry type-post post gallery masonry element\">\n<div class=\"image_grid_frame\">\n<div class=\"wall_thumbnail post_archive\">\n\t\t\t\t    \t<a href=\"https:\/\/roubinet.com\/index.php\/galleries\/fashionable\/\" class=\"gallery_wrapper\"><br \/>\n\t\t\t\t    \t\t<img decoding=\"async\" src=\"https:\/\/roubinet.com\/wp-content\/uploads\/2014\/11\/jb-roubinet-portrait-1-485x485.jpg\" alt=\"\" class=\"portfolio_img static\"\/><\/p>\n<div class=\"mask transparent\">\n<div class=\"mask_frame\">\n<ul class=\"gallery_img_slides\">\n<li><img decoding=\"async\" src=\"https:\/\/roubinet.com\/wp-content\/uploads\/2014\/11\/jb-roubinet-portrait-1-485x485.jpg\" alt=\"\" class=\"static\"\/><\/li>\n<li><img decoding=\"async\" src=\"https:\/\/roubinet.com\/wp-content\/uploads\/2014\/11\/jb-roubinet-portrait-3-485x485.jpg\" alt=\"\" class=\"static\"\/><\/li>\n<li><img decoding=\"async\" src=\"https:\/\/roubinet.com\/wp-content\/uploads\/2014\/11\/jb-roubinet-portrait-12-485x485.jpg\" alt=\"\" class=\"static\"\/><\/li>\n<li><img decoding=\"async\" src=\"https:\/\/roubinet.com\/wp-content\/uploads\/2014\/11\/jb-roubinet-portrait-2-485x485.jpg\" alt=\"\" class=\"static\"\/><\/li>\n<li><img decoding=\"async\" src=\"https:\/\/roubinet.com\/wp-content\/uploads\/2014\/11\/jb-roubinet-portrait-22-485x485.jpg\" alt=\"\" class=\"static\"\/><\/li>\n<\/ul>\n<\/div><\/div>\n<p>\t\t\t\t\t\t<\/a><br \/>\n\t\t\t\t\t\t<br class=\"clear\"\/><\/p>\n<h6>Portraits<\/h6>\n<div class=\"gallery_excerpt\">En Studio<\/div>\n<\/p><\/div>\n<\/p><\/div>\n<\/div>\n<div class=\"wall_entry type-post post gallery masonry element\">\n<div class=\"image_grid_frame\">\n<div class=\"wall_thumbnail post_archive\">\n\t\t\t\t    \t<a href=\"https:\/\/roubinet.com\/index.php\/galleries\/building\/\" class=\"gallery_wrapper\"><br \/>\n\t\t\t\t    \t\t<img decoding=\"async\" src=\"https:\/\/roubinet.com\/wp-content\/uploads\/2014\/11\/aontoine_cedric57-485x485.jpg\" alt=\"\" class=\"portfolio_img static\"\/><\/p>\n<div class=\"mask transparent\">\n<div class=\"mask_frame\">\n<ul class=\"gallery_img_slides\">\n<li><img decoding=\"async\" src=\"https:\/\/roubinet.com\/wp-content\/uploads\/2014\/11\/aontoine_cedric57-485x485.jpg\" alt=\"\" class=\"static\"\/><\/li>\n<li><img decoding=\"async\" src=\"https:\/\/roubinet.com\/wp-content\/uploads\/2014\/11\/B64I4514-485x485.jpg\" alt=\"\" class=\"static\"\/><\/li>\n<li><img decoding=\"async\" src=\"https:\/\/roubinet.com\/wp-content\/uploads\/2014\/11\/\u00a9JB_Roubinet-Caroux-092020-188-485x485.jpg\" alt=\"\" class=\"static\"\/><\/li>\n<li><img decoding=\"async\" src=\"https:\/\/roubinet.com\/wp-content\/uploads\/2014\/11\/\u00a9JB-ROUBINET_Antoine_Cedric-00038-485x485.jpg\" alt=\"\" class=\"static\"\/><\/li>\n<li><img decoding=\"async\" src=\"https:\/\/roubinet.com\/wp-content\/uploads\/2014\/11\/globe_trailers-83-485x485.jpg\" alt=\"\" class=\"static\"\/><\/li>\n<\/ul>\n<\/div><\/div>\n<p>\t\t\t\t\t\t<\/a><br \/>\n\t\t\t\t\t\t<br class=\"clear\"\/><\/p>\n<h6>Trail Pict<\/h6>\n<div class=\"gallery_excerpt\">Photographie sportive<\/div>\n<\/p><\/div>\n<\/p><\/div>\n<\/div>\n<div class=\"wall_entry type-post post gallery masonry element\">\n<div class=\"image_grid_frame\">\n<div class=\"wall_thumbnail post_archive\">\n\t\t\t\t    \t<a href=\"https:\/\/roubinet.com\/index.php\/galleries\/nature-patterns\/\" class=\"gallery_wrapper\"><br \/>\n\t\t\t\t    \t\t<img decoding=\"async\" src=\"https:\/\/roubinet.com\/wp-content\/uploads\/2014\/11\/280556840_10225534651544693_4177156965445848400_n-485x485.jpg\" alt=\"\" class=\"portfolio_img static\"\/><\/p>\n<div class=\"mask transparent\">\n<div class=\"mask_frame\">\n<ul class=\"gallery_img_slides\">\n<li><img decoding=\"async\" src=\"https:\/\/roubinet.com\/wp-content\/uploads\/2014\/11\/280556840_10225534651544693_4177156965445848400_n-485x485.jpg\" alt=\"\" class=\"static\"\/><\/li>\n<li><img decoding=\"async\" src=\"https:\/\/roubinet.com\/wp-content\/uploads\/2014\/11\/\u00a9JB_Roubinet_LANDO_septembre_201700027-485x485.jpg\" alt=\"\" class=\"static\"\/><\/li>\n<li><img decoding=\"async\" src=\"https:\/\/roubinet.com\/wp-content\/uploads\/2014\/11\/B45P2959-2-485x485.jpg\" alt=\"\" class=\"static\"\/><\/li>\n<li><img decoding=\"async\" src=\"https:\/\/roubinet.com\/wp-content\/uploads\/2014\/11\/B45P2947-485x485.jpg\" alt=\"\" class=\"static\"\/><\/li>\n<li><img decoding=\"async\" src=\"https:\/\/roubinet.com\/wp-content\/uploads\/2014\/11\/\u00a9JB_Roubinet_Mas_Antonin00001-485x485.jpg\" alt=\"\" class=\"static\"\/><\/li>\n<\/ul>\n<\/div><\/div>\n<p>\t\t\t\t\t\t<\/a><br \/>\n\t\t\t\t\t\t<br class=\"clear\"\/><\/p>\n<h6>Produits \/ entreprises<\/h6>\n<div class=\"gallery_excerpt\">Vos activit\u00e9s<\/div>\n<\/p><\/div>\n<\/p><\/div>\n<\/div>\n<\/div>\n<\/div>\n<\/div>\n<\/div>\n<div class=\"one\" style=\"background:#fff;\" >\n<div class=\"page_content_wrapper\">\n<div class=\"inner\">\n<h2 class=\"ppb_title\">Philosophie<\/h2>\n<\/p>\n<div class=\"animate\">\n<div class=\"one_half \">\nJean-Benoit Roubinet est un photographe connu pour sa bienveillance, sa simplicit\u00e9 sa curiosit\u00e9, son \u00e9coute et sa passion. Son approche photographique se distingue par une attention particuli\u00e8re aux \u00e9motions naturelles et \u00e0 l\u2019instantan\u00e9it\u00e9.\n<\/div>\n<div class=\"one_half last \">\nIl privil\u00e9gie des prises de vue intuitives, capturant des sc\u00e8nes authentiques et des instants de vie uniques. Cette m\u00e9thode vise \u00e0 figer des moments qui ne pourront \u00eatre reproduits \u00e0 l\u2019identique, offrant ainsi une vision sinc\u00e8re et personnelle de ses sujets.\n<\/div>\n<p><br class=\"clear\"\/><\/div>\n<\/p>\n<div class=\"animate\" style=\"text-align: center;\">\n<blockquote>\n<p><b>\u00ab\u00a0Son approche photographique se distingue par une attention particuli\u00e8re<br \/>\naux \u00e9motions naturelles et \u00e0 l\u2019instantan\u00e9it\u00e9.\u201d<\/b><\/p>\n<\/blockquote>\n<\/div>\n<\/div>\n<\/div>\n<\/div>\n<div class=\"one\" >\n<div class=\"page_content_wrapper nopadding\">\n<div class=\"one_half_bg content_middle animate textright\">\n<div class=\"nicepadding\">\n<div class=\"page_tagline\">T\u00e9moignages<\/div>\n<h2 class=\"upper_title\">Qu&rsquo;est-ce qui compte vraiment ?<\/h2>\n<div class=\"post_detail\">Projet Octobre Rose <\/div>\n<p>\n<a href=\"https:\/\/roubinet.com\/index.php\/galleries\/quest-ce-qui-compte-vraiment\/\" class=\"button\">Voir la galerie<\/a><\/div>\n<\/div>\n<div class=\"one_half_bg animate\" style=\"background-image:url(https:\/\/roubinet.com\/wp-content\/uploads\/2025\/03\/octoroscouv.jpg);height:700px;\"><\/div>\n<p><br class=\"clear\"\/><\/div>\n<\/div>\n<div class=\"one\" >\n<div class=\"page_content_wrapper nopadding\">\n<div class=\"one_half_bg animate\" style=\"background-image:url(https:\/\/roubinet.com\/wp-content\/uploads\/2025\/03\/Transhumance-27-scaled.jpg);height:700px;\"><\/div>\n<div class=\"one_half_bg content_middle animate\">\n<div class=\"nicepadding\">\n<div class=\"page_tagline\">Tranche de vie<\/div>\n<h2 class=\"upper_title\">Transhumance<\/h2>\n<div class=\"post_detail\">De Cucugnan \u00e0 Luc-Sur-Orbieu<\/div>\n<p>\n<a href=\"https:\/\/roubinet.com\/index.php\/galleries\/transhumance\/\" class=\"button\">Voir la galerie<\/a><\/div>\n<\/div>\n<p><br class=\"clear\"\/><\/div>\n<\/div>\n<p><br class=\"clear\"><\/p>\n","protected":false},"excerpt":{"rendered":"<p>Figer l&#039;instant Capturer l&rsquo;intimit\u00e9 et la beaut\u00e9 des sc\u00e8nes sans les forcer, saisir des instants fugaces, tout en respectant le contexte et les personnes photographi\u00e9es&#8230; pour un travail authentique&#8230; Reportages Agricoles Tranche de vie Reportages de Mariage Authenticit\u00e9 Photos de famille Naturel et instantann\u00e9 Portraits En Studio Trail Pict Photographie sportive Produits \/ entreprises Vos [&hellip;]<\/p>\n","protected":false},"author":1,"featured_media":0,"parent":0,"menu_order":0,"comment_status":"open","ping_status":"open","template":"","meta":{"footnotes":""},"class_list":["post-1484","page","type-page","status-publish","hentry"],"_links":{"self":[{"href":"https:\/\/roubinet.com\/index.php\/wp-json\/wp\/v2\/pages\/1484","targetHints":{"allow":["GET"]}}],"collection":[{"href":"https:\/\/roubinet.com\/index.php\/wp-json\/wp\/v2\/pages"}],"about":[{"href":"https:\/\/roubinet.com\/index.php\/wp-json\/wp\/v2\/types\/page"}],"author":[{"embeddable":true,"href":"https:\/\/roubinet.com\/index.php\/wp-json\/wp\/v2\/users\/1"}],"replies":[{"embeddable":true,"href":"https:\/\/roubinet.com\/index.php\/wp-json\/wp\/v2\/comments?post=1484"}],"version-history":[{"count":35,"href":"https:\/\/roubinet.com\/index.php\/wp-json\/wp\/v2\/pages\/1484\/revisions"}],"predecessor-version":[{"id":3953,"href":"https:\/\/roubinet.com\/index.php\/wp-json\/wp\/v2\/pages\/1484\/revisions\/3953"}],"wp:attachment":[{"href":"https:\/\/roubinet.com\/index.php\/wp-json\/wp\/v2\/media?parent=1484"}],"curies":[{"name":"wp","href":"https:\/\/api.w.org\/{rel}","templated":true}]}}